{"id":531,"date":"2016-06-15T00:24:04","date_gmt":"2016-06-15T00:24:04","guid":{"rendered":"http:\/\/demo.thembay.com\/megabuy2\/?page_id=531"},"modified":"2022-07-10T12:11:57","modified_gmt":"2022-07-10T12:11:57","slug":"quienes-somos","status":"publish","type":"page","link":"https:\/\/metelca.com\/index.php\/quienes-somos\/","title":{"rendered":"Quienes somos"},"content":{"rendered":"\t\t<div data-elementor-type=\"wp-page\" data-elementor-id=\"531\" class=\"elementor elementor-531\">\n\t\t\t\t\t\t<div class=\"elementor-inner\">\n\t\t\t\t<div class=\"elementor-section-wrap\">\n\t\t\t\t\t\t\t\t\t<section class=\"elementor-section elementor-top-section elementor-element elementor-element-2a096018 elementor-section-stretched content-about elementor-section-boxed elementor-section-height-default elementor-section-height-default\" data-id=\"2a096018\" data-element_type=\"section\" data-settings=\"{&quot;stretch_section&quot;:&quot;section-stretched&quot;,&quot;background_background&quot;:&quot;classic&quot;}\">\n\t\t\t\t\t\t<div class=\"elementor-container elementor-column-gap-default\">\n\t\t\t\t\t\t\t<div class=\"elementor-row\">\n\t\t\t\t\t<div class=\"elementor-column elementor-col-100 elementor-top-column elementor-element elementor-element-6148a1ae\" data-id=\"6148a1ae\" data-element_type=\"column\" data-settings=\"{&quot;background_background&quot;:&quot;classic&quot;}\">\n\t\t\t<div class=\"elementor-column-wrap elementor-element-populated\">\n\t\t\t\t\t\t\t<div class=\"elementor-widget-wrap\">\n\t\t\t\t\t\t<section class=\"elementor-section elementor-inner-section elementor-element elementor-element-2cca5924 elementor-section-boxed elementor-section-height-default elementor-section-height-default\" data-id=\"2cca5924\" data-element_type=\"section\" data-settings=\"{&quot;background_background&quot;:&quot;classic&quot;}\">\n\t\t\t\t\t\t<div class=\"elementor-container elementor-column-gap-default\">\n\t\t\t\t\t\t\t<div class=\"elementor-row\">\n\t\t\t\t\t<div class=\"elementor-column elementor-col-100 elementor-inner-column elementor-element elementor-element-5c704095\" data-id=\"5c704095\" data-element_type=\"column\">\n\t\t\t<div class=\"elementor-column-wrap elementor-element-populated\">\n\t\t\t\t\t\t\t<div class=\"elementor-widget-wrap\">\n\t\t\t\t\t\t<div class=\"elementor-element elementor-element-3b053ea2 elementor-widget elementor-widget-text-editor\" data-id=\"3b053ea2\" data-element_type=\"widget\" data-widget_type=\"text-editor.default\">\n\t\t\t\t<div class=\"elementor-widget-container\">\n\t\t\t\t\t\t\t\t<div class=\"elementor-text-editor elementor-clearfix\">\n\t\t\t\t<h2 class=\"title-about\">METELCA<\/h2><p>Somos una empresa\u00a0ubicada en la zona Libre de Col\u00f3n, distribuidora de Materiales El\u00e9ctricos, Herramientas\u00a0y Equipos. Ofrecemos soluciones integrales de almacenamiento, distribuci\u00f3n, transporte, log\u00edstica\u00a0y servicios de compras en general, con personal capacitado.<\/p><blockquote><p class=\"text-black\">Optimizamos\u00a0 nuestros procesos en la exportaci\u00f3n e importaci\u00f3n, con el prop\u00f3sito de bajar costos, mejorar tiempos de entrega, y as\u00ed garantizar mayor productividad en la compra de nuestros clientes.\u00a0Nuestros centros de operaciones se encuentran\u00a0cerca de todos los principales puertos mar\u00edtimos.<\/p><\/blockquote><p>Atenci\u00f3n personalizada y nos adaptamos a las necesidades de cliente..<\/p>\t\t\t\t\t<\/div>\n\t\t\t\t\t\t<\/div>\n\t\t\t\t<\/div>\n\t\t\t\t<div class=\"elementor-element elementor-element-265d0955 elementor-widget elementor-widget-tbay-heading\" data-id=\"265d0955\" data-element_type=\"widget\" data-widget_type=\"tbay-heading.default\">\n\t\t\t\t<div class=\"elementor-widget-container\">\n\t\t\t\r\n<div class=\"tbay-element tbay-addon tbay-addon-heading tbay-addon-text-heading\">\r\n\t\t\t\t<h3 class=\"tbay-addon-title \">\r\n\t\t\t\t\t\t\t\t\t<span class=\"title\">Que hacemos?<\/span>\r\n\t\t\t\t\t    \t\r\n\t\t\t\t\t\t\t\t\t<span class=\"subtitle\">Nos dedicamos a la distribuici\u00f3n de Materiales El\u00e9ctricos, Herramientas y Equipos.<\/span>\r\n\t\t\t\t\t\t\t<\/h3>\r\n\t\t<\/div>\t\t<\/div>\n\t\t\t\t<\/div>\n\t\t\t\t<div class=\"elementor-element elementor-element-79b9d64d elementor-widget elementor-widget-tbay-features\" data-id=\"79b9d64d\" data-element_type=\"widget\" data-widget_type=\"tbay-features.default\">\n\t\t\t\t<div class=\"elementor-widget-container\">\n\t\t\t\r\n<div class=\"tbay-element tbay-addon tbay-addon-features style-2\">\r\n    \r\n    <div class=\"tbay-addon-content\">\r\n        <div class=\"features row grid\" data-xlgdesktop=\"3\" data-desktop=\"3\" data-desktopsmall=\"3\" data-tablet=\"3\" data-landscape=\"3\" data-mobile=\"2\">\r\n            \r\n                <div class=\"feature-box\">\r\n\r\n                     \r\n        <div class=\"inner\"> \r\n                    <div class=\"fbox-icon\">\r\n                            <div class=\"icon-inner\"><i aria-hidden=\"true\" class=\"zmdi zmdi-boat\"><\/i><\/div>\r\n                    <\/div>\r\n\r\n                    <div class=\"fbox-content\">\r\n                                    <h3 class=\"ourservice-heading\">\r\n                        Exportaci\u00f3n                    <\/h3>\r\n                                    <p class=\"description\">\r\n                                            <\/p>\r\n                            <\/div>\r\n                <\/div>\r\n                            \r\n                <\/div>\r\n\r\n            \r\n                <div class=\"feature-box\">\r\n\r\n                     \r\n        <div class=\"inner\"> \r\n                    <div class=\"fbox-icon\">\r\n                            <div class=\"icon-inner\"><i aria-hidden=\"true\" class=\"linear-icon- linear-icon-boat\"><\/i><\/div>\r\n                    <\/div>\r\n\r\n                    <div class=\"fbox-content\">\r\n                                    <h3 class=\"ourservice-heading\">\r\n                        importaci\u00f3n                    <\/h3>\r\n                                    <p class=\"description\">\r\n                                            <\/p>\r\n                            <\/div>\r\n                <\/div>\r\n                            \r\n                <\/div>\r\n\r\n            \r\n                <div class=\"feature-box\">\r\n\r\n                     \r\n        <div class=\"inner\"> \r\n                    <div class=\"fbox-icon\">\r\n                            <div class=\"icon-inner\"><i aria-hidden=\"true\" class=\"far fa-window-restore\"><\/i><\/div>\r\n                    <\/div>\r\n\r\n                    <div class=\"fbox-content\">\r\n                                    <h3 class=\"ourservice-heading\">\r\n                        Almacenaje                    <\/h3>\r\n                                    <p class=\"description\">\r\n                                            <\/p>\r\n                            <\/div>\r\n                <\/div>\r\n                            \r\n                <\/div>\r\n\r\n            \r\n                <div class=\"feature-box\">\r\n\r\n                     \r\n        <div class=\"inner\"> \r\n                    <div class=\"fbox-icon\">\r\n                            <div class=\"icon-inner\"><i aria-hidden=\"true\" class=\"fas fa-people-carry\"><\/i><\/div>\r\n                    <\/div>\r\n\r\n                    <div class=\"fbox-content\">\r\n                                    <h3 class=\"ourservice-heading\">\r\n                        Consolida                    <\/h3>\r\n                                    <p class=\"description\">\r\n                                            <\/p>\r\n                            <\/div>\r\n                <\/div>\r\n                            \r\n                <\/div>\r\n\r\n            \r\n                <div class=\"feature-box\">\r\n\r\n                     \r\n        <div class=\"inner\"> \r\n                    <div class=\"fbox-icon\">\r\n                            <div class=\"icon-inner\"><i aria-hidden=\"true\" class=\"fas fa-people-arrows\"><\/i><\/div>\r\n                    <\/div>\r\n\r\n                    <div class=\"fbox-content\">\r\n                                    <h3 class=\"ourservice-heading\">\r\n                        Desconsolida                    <\/h3>\r\n                                    <p class=\"description\">\r\n                                            <\/p>\r\n                            <\/div>\r\n                <\/div>\r\n                            \r\n                <\/div>\r\n\r\n            \r\n                <div class=\"feature-box\">\r\n\r\n                     \r\n        <div class=\"inner\"> \r\n                    <div class=\"fbox-icon\">\r\n                            <div class=\"icon-inner\"><i aria-hidden=\"true\" class=\"fas fa-shopping-basket\"><\/i><\/div>\r\n                    <\/div>\r\n\r\n                    <div class=\"fbox-content\">\r\n                                    <h3 class=\"ourservice-heading\">\r\n                        Compras                    <\/h3>\r\n                                    <p class=\"description\">\r\n                                            <\/p>\r\n                            <\/div>\r\n                <\/div>\r\n                            \r\n                <\/div>\r\n\r\n                    <\/div>\r\n    <\/div>\r\n<\/div>\t\t<\/div>\n\t\t\t\t<\/div>\n\t\t\t\t\t\t<\/div>\n\t\t\t\t\t<\/div>\n\t\t<\/div>\n\t\t\t\t\t\t\t\t<\/div>\n\t\t\t\t\t<\/div>\n\t\t<\/section>\n\t\t\t\t\t\t<\/div>\n\t\t\t\t\t<\/div>\n\t\t<\/div>\n\t\t\t\t\t\t\t\t<\/div>\n\t\t\t\t\t<\/div>\n\t\t<\/section>\n\t\t\t\t\t\t\t\t\t<\/div>\n\t\t\t<\/div>\n\t\t\t\t\t<\/div>\n\t\t","protected":false},"excerpt":{"rendered":"<p>METELCA Somos una empresa&nbsp;ubicada en la zona Libre de Col\u00f3n, distribuidora de Materiales El\u00e9ctricos, Herramientas&nbsp;y Equipos. Ofrecemos soluciones integrales de almacenamiento, distribuci\u00f3n, transporte, log\u00edstica&nbsp;y servicios de compras en general, con personal capacitado. Optimizamos&nbsp; nuestros procesos en la exportaci\u00f3n e importaci\u00f3n, con el prop\u00f3sito de bajar costos, mejorar tiempos de entrega, y as\u00ed garantizar mayor productividad &hellip; <a href=\"https:\/\/metelca.com\/index.php\/quienes-somos\/\" class=\"more-link\">Continue reading <span class=\"screen-reader-text\">Quienes somos<\/span><\/a><\/p>\n","protected":false},"author":1,"featured_media":0,"parent":0,"menu_order":0,"comment_status":"closed","ping_status":"closed","template":"","meta":{"_monsterinsights_skip_tracking":false,"_monsterinsights_sitenote_active":false,"_monsterinsights_sitenote_note":"","_monsterinsights_sitenote_category":0,"_joinchat":[],"footnotes":""},"class_list":["post-531","page","type-page","status-publish","hentry"],"_links":{"self":[{"href":"https:\/\/metelca.com\/index.php\/wp-json\/wp\/v2\/pages\/531"}],"collection":[{"href":"https:\/\/metelca.com\/index.php\/wp-json\/wp\/v2\/pages"}],"about":[{"href":"https:\/\/metelca.com\/index.php\/wp-json\/wp\/v2\/types\/page"}],"author":[{"embeddable":true,"href":"https:\/\/metelca.com\/index.php\/wp-json\/wp\/v2\/users\/1"}],"replies":[{"embeddable":true,"href":"https:\/\/metelca.com\/index.php\/wp-json\/wp\/v2\/comments?post=531"}],"version-history":[{"count":15,"href":"https:\/\/metelca.com\/index.php\/wp-json\/wp\/v2\/pages\/531\/revisions"}],"predecessor-version":[{"id":8085,"href":"https:\/\/metelca.com\/index.php\/wp-json\/wp\/v2\/pages\/531\/revisions\/8085"}],"wp:attachment":[{"href":"https:\/\/metelca.com\/index.php\/wp-json\/wp\/v2\/media?parent=531"}],"curies":[{"name":"wp","href":"https:\/\/api.w.org\/{rel}","templated":true}]}}